*c = 12, -2*t = c - 2 - 7. What is the units digit of t?
6
Let t(b) = -b**3 - b**2 - 5*b - 2. What is the tens digit of t(-4)?
6
Let h(w) = w**3 - w**2 - 4*w + 1. Suppose 3*s + 2 = -4. Let c = 1 - s. What is the units digit of h(c)?
7
Suppose 2*t - 3*s - 10 = 65, -5*t - s + 196 = 0. What is the units digit of t?
9
Let y be ((-6)/9)/((-2)/3). Let v = y - -4. Suppose -v*z = -12 - 18. What is the units digit of z?
6
What is the tens digit of (-78)/4*18/(-27)?
1
Let l(t) = t**3 - t**2 + 2*t - 3. Let w be l(2). Let s = -1 - w. Let h = s - -13. What is the units digit of h?
7
Suppose s - 5*s = 4*y - 56, -4*y = -3*s - 21. Suppose 0 = 13*b - y*b - 12. What is the units digit of b?
3
Let t(w) = 5*w**2 + 3*w + 3. Let f(h) = h**3 - 2*h**2 - 3*h - 2. Let a be f(3). What is the units digit of t(a)?
7
Suppose 4*k + 3*k = 1764. What is the tens digit of k?
5
Let a(q) = q**3 - 6*q**2 - 7*q - 3. Let c be a(7). Let b be c/4 + 2/(-8). What is the units digit of (-9 - -1)*1/b?
8
Let u = 529 + -287. What is the hundreds digit of u?
2
Let v(n) = 6 + 6*n**2 - 5*n + 4*n**3 + 5*n - 5*n**3. Suppose -5 = -3*f - m + 18, 0 = 5*f - m - 25. What is the units digit of v(f)?
6
Suppose 0*o - 16 = -o. Suppose 5*n = n + o. Suppose -1 = g - l, -5*g - n*l = -22 - 9. What is the units digit of g?
3
Let o = -30 - -59. Suppose 2*y + 4*n - 76 = 0, -3*y = -3*n - 67 - o. What is the tens digit of y?
3
Let p(w) = w**3 + 8*w**2 - 38*w + 3. What is the tens digit of p(-11)?
5
Let f(b) = 3 - 5 + 5*b - 3*b - 2. What is the units digit of f(6)?
8
Suppose 3*y = -4*h + 128, -62 = -2*h - 0*y - y. What is the units digit of h?
9
Let y(v) = -v - 2. Let p be y(-7). Suppose 2*r - 69 = -p. What is the tens digit of r?
3
Suppose -4*y = -3*y. Suppose y = -4*h - 0*h + 4. What is the units digit of h/(1*(-1)/(-9))?
9
Let i(x) = -x - 11. Let a(b) = -b - 11. Let w(v) = 4*a(v) - 5*i(v). What is the units digit of w(-9)?
2
What is the hundreds digit of 2 + -1 - 2144/(-16)?
1
Let i(n) be the first derivative of n**3/3 + 2*n**2 - 8*n - 9. What is the units digit of i(-8)?
4
Let y(j) be the third derivative of j**5/60 + 35*j**3/6 + 5*j**2. What is the units digit of y(0)?
5
Let d(m) = -m**3 + 15*m**2 - 14*m + 2. Let n be d(14). Suppose 0 = n*b - p - 31, 4*b - p = -0*b + 63. What is the units digit of b?
6
Suppose -5*m + 44 = -106. Suppose 2*c + 3*c - m = 0. Suppose 2*z = -2*y + c, 5*z = -5*y + 3*y + 3. What is the units digit of y?
4
Let p be (-444)/54 - 2/(-9). Let i be -4*(26/p + 3). What is the units digit of ((-6)/4)/(i/(-2))?
3
Suppose 1 = 3*d + 7. Let w(v) = v. Let x be w(-4). Let u = d - x. What is the units digit of u?
2
Let l(k) = -2*k**3 - 29*k**2 + 3*k + 17. What is the tens digit of l(-15)?
9
Suppose 48 = 2*n - 20. What is the units digit of n?
4
Suppose 13 = 2*w + 3*u, 0 = w - 2*u + 6*u + 1. Suppose 3*v = k + 1, -4*k + 3*v + w = -3. What is the units digit of k?
5
Let x(k) = -26*k**2 + 9*k + 2. Let z(u) = 3*u + 1 + 0 - 13*u**2 + u. Let y(i) = 3*x(i) - 7*z(i). What is the units digit of y(-1)?
3
What is the hundreds digit of (2/4)/((-2)/6216*-7)?
2
What is the tens digit of (-4)/(-10) + (-712)/(-20)?
3
Let u(w) be the second derivative of w**4/12 + 2*w**3/3 - w**2 - w. What is the units digit of u(-5)?
3
Let d(p) = 5*p**3 + 1. Let j be d(1). What is the units digit of 2/((-1)/((-9)/j))?
3
Suppose -4*q + 195 = -5*h - 41, -16 = 4*h. What is the units digit of q?
4
What is the units digit of (-5 + 2)*(-25)/15?
5
Let x be (-2)/((-6)/(-6 - -3)). What is the tens digit of ((-9 - -2)*2)/x?
1
Let l(i) = -i + 3. Suppose 0 = 4*y - 40 + 8. Let b = y + -14. What is the units digit of l(b)?
9
Suppose -2*b - b + 9 = 0. Suppose n = b*n - 8. Suppose -4*s + 0*s = -16, -n*s - 14 = -5*r. What is the units digit of r?
6
Let a = -1 - -3. Suppose a*v = -g + 2*g + 72, 82 = 2*v + 4*g. What is the units digit of v?
7
Let i(r) = r - 9. Let j be i(-11). Let w = 103 + -73. Let d = w + j. What is the tens digit of d?
1
Suppose 32 = -3*s + 5. Let n = -13 + 8. Let f = n - s. What is the units digit of f?
4
Suppose 0*b - b + 3 = 0. Suppose 0 = -o - b, -2*r - 2*o = -11 - 9. What is the units digit of r?
3
Let d(b) = b**2 - 9*b + 13. What is the tens digit of d(9)?
1
Suppose j + 2*j = 18. Let a(f) = f - 7 + f**2 + j*f + 1 - 4. What is the units digit of a(-9)?
8
Let h(i) = -i**3 - 6*i**2 - 6*i - 2. Let y be h(-5). Let t be 41 - 0 - y/1. Suppose -4*p - 8*m + 4*m = -28, -t = -4*p + m. What is the units digit of p?
9
What is the units digit of (-3130)/(-14) - 54/(-126)?
4
Let v = 6 - 6. Suppose v*g + 4*g = 44. What is the tens digit of g?
1
What is the hundreds digit of -2 + 130 - (-12 - -10)?
1
Let z(v) = 0*v - 3*v - 2 + 4*v. Let t be z(6). Suppose t + 6 = 2*h. What is the units digit of h?
5
What is the tens digit of 3/36*-3 + (-4852)/(-16)?
0
Suppose 55 = -4*s + 187. What is the tens digit of 1/(36/s + -1)?
1
Suppose 0 = -w + 5*a + 25, 0 = -2*a - 2*a - 16. What is the units digit of w?
5
Let p(s) = -s**3 + s**2 + 3*s**2 - 8*s + 4 + 9*s. What is the units digit of p(4)?
8
Suppose -3*g - 660 = -4*y - 0*g, -20 = 5*g. What is the units digit of y?
2
Suppose -5*v + 10 = -0. Suppose v*m - 48 - 22 = 0. Suppose -4*q - 4*x + 4 = 0, m = q + 4*q - x. What is the units digit of q?
6
Let g(p) = p**3 + 8*p**2 + p + 8. Let t be g(-8). Suppose -i - 3*i + 12 = t. What is the units digit of i?
3
Suppose 0 = 5*m - 5*j - 15, 0 = 5*m - 2*j - 9. What is the units digit of m?
1
Let x = 75 - 42. What is the tens digit of x?
3
Let i = -1 - -1. Suppose 3*n - n = 4, 2*a - 2*n - 6 = i. What is the units digit of a - ((-6)/2)/(-3)?
4
Suppose -5*t + 138 = -2*t. Let v = t - 26. What is the tens digit of v?
2
Suppose -5*z + 8*z = 624. What is the hundreds digit of z?
2
Suppose -4*g + 108 = -5*r + 9*r, -3*g = -2*r + 64. What is the units digit of r?
9
Suppose -3 - 1 = -2*l. Suppose 3*h = c + 2 + 1, 0 = l*c + 5*h + 6. What is the units digit of -2*c*1/2?
3
Let l(z) = -z**3 + 4*z**2 + 3*z + 1. Suppose 0 = -6*y + 3*y - 4*w - 8, -5*w = -5*y + 45. What is the units digit of l(y)?
3
Let s = -4 - -4. Let m = 7 - s. What is the units digit of m?
7
Let v be -24*(2 - 26/8). What is the units digit of 2/15 + 56/v?
2
Let l(w) = -21*w - 39. What is the hundreds digit of l(-12)?
2
Let a = 40 + -15. What is the units digit of a?
5
Let s = -22 - -37. Suppose s = b - 23. What is the units digit of b?
8
Let r(c) = -7*c - 16. Let v be r(-4). Let a(w) = w**2 - 6*w - 2. Let o be a(5). Let j = v + o. What is the units digit of j?
5
Let n = 2 - 1. What is the units digit of n?
1
Let h(r) be the third derivative of r**6/120 - r**5/15 - r**4/3 + 6*r**2. What is the tens digit of h(6)?
2
Suppose 90 = 5*p - 2*u, 3*p + 0*u + 5*u - 23 = 0. Suppose 0 = -4*q + p, -t + 24 = 3*t + 3*q. Suppose 5*g - 7 = t. What is the units digit of g?
2
Let c(p) = p + 7. Let m be c(-3). Suppose -m*s + 172 = -4*l, 5*s - 175 = -l - 2*l. What is the tens digit of s?
3
Suppose 2*w = -0 - 18. Let c = 5 + w. What is the units digit of ((-6)/c)/(3/16)?
8
Suppose 3*v + 18 = 5*v. Let q(b) = b**2 + 6*b + 3. Let d be q(-6). Suppose -z + 5*z = -h + 13, v = d*h + 2*z. What is the units digit of h?
1
Let x(f) = -f + 35. What is the units digit of x(0)?
5
Let n(t) = t**3 - 3*t**2 - t + 11. What is the units digit of n(6)?
3
Suppose -2*i - 3*h + 149 = 0, 0 = i - 4*h - 46 - 12. What is the tens digit of i?
7
Let m = 0 - -3. Suppose 3*a - 5 = 1, -4*z + m*a + 38 = 0. What is the units digit of z?
1
Let b(o) = o**3 + 4*o**2 + 2*o - 1. Let l be b(-3). Suppose l*s + 50 = 7*s. Suppose -4*m = 2*t - s, 2*t = 5*m - 4*m + 25. What is the units digit of t?
1
Suppose -q + 252 = q. Suppose 0 = -5*h - 3*j + 144, 0*h - 3*j = -5*h + q. What is the tens digit of h?
2
Let q = 63 - 45. What is the tens digit of q?
1
Let u be (-2)/6 + (-4)/(-3). Suppose 8 = 3*c - u. What is the units digit of c?
3
Let z = 9 + -6. What is the units digit of z?
3
Suppose 0 = 5*i - 50 - 110. What is the units digit of i?
2
Let p = -3 - -6. Suppose -12 = -2*h + 4*h - p*t, 12 = -3*h + 3*t. Suppose 0*j + 4*c + 42 = 5*j, h = -2*j + 5*c + 10. What is the tens digit of j?
1
Let q(v) be the third derivative of -v**6/360 - v**5/40 - v**4/24 - v**2. Let b(x) be the second derivative of q(x). What is the units digit of b(-5)?
7
Let f(m) = 2*m + 0*m + m**2 + 3*m + 5. Let i b